r?
False
Is 31307 composite?
False
Is 16945 composite?
True
Is 11053 a prime number?
False
Is 649469 composite?
False
Is 96011 a prime number?
False
Is 112901 prime?
True
Is 357359 composite?
False
Is 166213 composite?
True
Is 14597 a composite number?
True
Is 8513 prime?
True
Is 4646541 prime?
False
Is 39143 a composite number?
True
Is 12359 prime?
False
Is 388259 a prime number?
True
Is 11671 a prime number?
False
Is 168757 a prime number?
False
Is 96791 prime?
False
Is 181777 composite?
False
Is 677363 a prime number?
False
Is 11579 a prime number?
True
Is 1847 prime?
True
Is 197737 composite?
True
Is 25793 a composite number?
False
Is 299749 a composite number?
False
Is 276202 a prime number?
False
Is 11777 prime?
True
Is 209887 composite?
False
Is 1168003 a prime number?
False
Is 763969 prime?
False
Is 34879 composite?
True
Is 16771745 a composite number?
True
Is 27173 a prime number?
False
Is 21509 composite?
True
Is 199117 a composite number?
True
Is 79451 a composite number?
False
Is 159713 prime?
False
Is 9565 a composite number?
True
Is 43723 a prime number?
False
Is 70043 a prime number?
False
Is 3493 composite?
True
Is 182719 composite?
True
Is 10037 composite?
False
Is 2149 a prime number?
False
Is 2819 composite?
False
Is 4241 a prime number?
True
Is 677 composite?
False
Is 222085 a composite number?
True
Is 1345 prime?
False
Is 332869 composite?
True
Is 15403 a prime number?
False
Is 4741 a prime number?
False
Is 7169 a composite number?
True
Is 401545 composite?
True
Is 90149 a prime number?
True
Is 5623 a composite number?
False
Is 1569481 a prime number?
False
Is 18353 a prime number?
True
Is 19277 prime?
False
Is 3625643 prime?
False
Is 1568027 prime?
False
Is 31241 a prime number?
False
Is 56071 a composite number?
True
Is 235721 a composite number?
True
Is 883 a prime number?
True
Is 346589 prime?
True
Is 2058599 prime?
True
Is 17257 a composite number?
False
Is 69393 a composite number?
True
Is 4989093 composite?
True
Is 10445 a prime number?
False
Is 112459 a composite number?
False
Is 2052971 a prime number?
False
Is 756221 a composite number?
True
Is 12739 a composite number?
False
Is 243769 a prime number?
True
Is 14977 a composite number?
True
Is 16871 a prime number?
True
Is 137251 a composite number?
False
Is 443953 prime?
True
Is 1621 a prime number?
True
Is 4703 composite?
False
Is 66323 composite?
True
Is 266239 a prime number?
True
Is 3902263 composite?
False
Is 181595 a prime number?
False
Is 911 prime?
True
Is 1073053 a composite number?
False
Is 12251 a prime number?
True
Is 16231 prime?
True
Is 621331 a composite number?
True
Is 967537 prime?
False
Is 880589 a composite number?
False
Is 1793 a prime number?
False
Is 876257 prime?
True
Is 775139 prime?
False
Is 411817 a prime number?
False
Is 841 a composite number?
True
Is 29009 a composite number?
False
Is 3989 a prime number?
True
Is 20593 a prime number?
True
Is 672719 prime?
False
Is 1529589 a prime number?
False
Is 125497 composite?
False
Is 8035 a composite number?
True
Is 4703 a prime number?
True
Is 129329 composite?
True
Is 12143 prime?
True
Is 198446 composite?
True
Is 53569 composite?
False
Is 248767 a prime number?
False
Is 221 a prime number?
False
Is 2789047 prime?
False
Is 50207 composite?
False
Is 245201 a composite number?
True
Is 12181 a prime number?
False
Is 741841 prime?
False
Is 445 prime?
False
Is 720053 prime?
True
Is 1924799 composite?
False
Is 127 a composite number?
False
Is 48563 a composite number?
False
Is 394271 composite?
False
Is 9029 composite?
False
Is 693202 a composite number?
True
Is 41161 a prime number?
True
Is 129031 composite?
True
Is 10937 composite?
False
Is 7477 a composite number?
False
Is 85571 a prime number?
True
Is 1240169 prime?
False
Is 1044037 a prime number?
False
Is 40543 a prime number?
True
Is 729587 composite?
False
Is 13483 prime?
False
Is 8251 a prime number?
False
Is 973367 prime?
True
Is 781 a composite number?
True
Is 6373 a composite number?
False
Is 12403 a prime number?
False
Is 65735 a composite number?
True
Is 3299 prime?
True
Is 469561 a prime number?
True
Is 586295 a composite number?
True
Is 97771 composite?
False
Is 24733 a composite number?
False
Is 30661 prime?
True
Is 327287 a prime number?
False
Is 58885 prime?
False
Is 5971 a composite number?
True
Is 432793 a prime number?
True
Is 202021 prime?
True
Is 8609 a composite number?
False
Is 201886 a prime number?
False
Is 76907 a prime number?
True
Is 1693 a composite number?
False
Is 387911 a composite number?
False
Is 19829 a prime number?
False
Is 5091 a composite number?
True
Is 282599 a prime number?
True
Is 6743 a composite number?
True
Is 8131 a prime number?
False
Is 106291 composite?
False
Is 37279 a composite number?
True
Is 337691 prime?
True
Is 1389377 a prime number?
False
Is 93851 prime?
True
Is 11 composite?
False
Is 194613 composite?
True
Is 167701 a prime number?
False
Is 287169 composite?
True
Is 353 composite?
False
Is 450553 a composite number?
True
Is 109943 a prime number?
True
Is 18273 a composite number?
True
Is 235589 a composite number?
True
Is 268405 prime?
False
Is 204977 a prime number?
False
Is 25217 composite?
True
Is 49019 a composite number?
False
Is 19777 composite?
False
Is 9881 prime?
False
Is 3117 composite?
True
Is 15497 a prime number?
True
Is 641623 composite?
False
Is 390955 composite?
True
Is 413411 a composite number?
False
Is 19033 a composite number?
True
Is 33622 a composite number?
True
Is 56519 a composite number?
False
Is 18623 a composite number?
True
Is 8461 a composite number?
False
Is 258079 prime?
False
Is 16843 prime?
True
Is 402823 a composite number?
False
Is 623171 composite?
False
Is 25657 a composite number?
False
Is 431707 prime?
True
Is 141481 a composite number?
False
Is 7509 a prime number?
False
Is 241609 composite?
True
Is 1324209 a prime number?
False
Is 1483571 prime?
False
Is 255539 prime?
False
Is 31367 a prime number?
False
Is 217067 composite?
True
Is 215893 composite?
False
Is 946382 a prime number?
False
Is 20053 a composite number?
True
Is 1417 a composite number?
True
Is 44113 a prime number?
False
Is 837035 a composite number?
True
Is 1398701 a prime number?
True
Is 3691 a prime number?
True
Is 176189 prime?
False
Is 8851 a composite number?
True
Is 400493 a composite number?
True
Is 1527 a prime number?
False
Is 679 a composite number?
True
Is 14903 a composite number?
True
Is 1067 composite?
True
Is 3491 prime?
True
Is 46399 a composite number?
False
Is 954211 composite?
True
Is 5756381 a prime number?
False
Is 7880173 a composite number?
True
Is 3641 a composite number?
True
Is 4391 composite?
False
Is 48371 prime?
True
Is 6899 a composite number?
False
Is 286913 prime?
False
Is 284681 composite?
False
Is 740087 composite?
False
Is 156381 a composite number?
True
Is 424058 a prime number?
False
Is 1759 a prime number?
True
Is 26389 a composite number?
True
Is 481 a prime number?
False
Is 46021 a prime number?
True
Is 29173 composite?
False
Is 9601 composite?
False
Is 15611 a prime number?
False
Is 74489 composite?
False
Is 85751 a prime number?
True
Is 6765361 prime?
True
Is 375269 prime?
False
Is 1099669 a prime number?
True
Is 1733 composite?
False
Is 25969 a prime number?
True
Is 2927 composite?
False
Is 7069 prime?
True
Is 2999669 prime?
False
Is 81749 prime?
True
Is 35779 a composite number?
True
Is 1733867 prime?
False
Is 5519 a prime number?
True
Is 591181 prime?
True
Is 356113 a composite number?
False
Is 330807 composite?
True
Is 90053 composite?
False
Is 1061 a composite number?
False
Is 20477 prime?
True
Is 831863 prime?
True
Is 266801 composite?
False
Is 34703 a prime number?
True
Is 2207 composite?
False
Is 623107 prime?
True
Is 8135 a prime number?
False
Is 88514 composite?
True
Is 368917 composite?
True
Is 1901 a composite number?
False
Is 97253 a composite number?
True
Is 29597 prime?
False
Is 13147 composite?
False
Is 307 composite?
False
Is 251 a prime number?
True
Is 657187 prime?
True
Is 1332887 prime?
False
Is 219613 prime?
True
Is 39085 a composite number?
True
Is 122219 prime?
True
Is 17065 a prime number?
False
Is 42611 a composite number?
False
Is 124163 a prime number?
False
Is 186389 a prime number?
False
Is 151213 prime?
Tru